{"id":3188,"date":"2014-07-07T09:30:34","date_gmt":"2014-07-07T09:30:34","guid":{"rendered":"http:\/\/themes.artivity.co.uk\/basix\/?page_id=3188"},"modified":"2026-01-16T16:39:03","modified_gmt":"2026-01-16T16:39:03","slug":"inicio","status":"publish","type":"page","link":"https:\/\/isoproe.com\/","title":{"rendered":"Inicio"},"content":{"rendered":"<p>[vc_row full_width=&#8221;stretch_row_content_no_spaces&#8221; dark_bg=&#8221;true&#8221;][vc_column css=&#8221;.vc_custom_1514813519243{margin-top: -20vh !important;}&#8221;][rev_slider_vc alias=&#8221;basix-slider-v2&#8243; rev_slider_bg=&#8221;Light&#8221;][\/vc_column][\/vc_row][vc_row full_width=&#8221;stretch_row&#8221; content_placement=&#8221;middle&#8221; css=&#8221;.vc_custom_1516719302743{padding-top: 6em !important;padding-bottom: 6em !important;background-color: #ffffff !important;}&#8221;][vc_column][vc_row_inner equal_height=&#8221;yes&#8221; content_placement=&#8221;middle&#8221; css=&#8221;.vc_custom_1516473185733{padding-right: 6% !important;padding-left: 6% !important;}&#8221;][vc_column_inner width=&#8221;1\/2&#8243; css=&#8221;.vc_custom_1513685900960{padding-right: 2em !important;}&#8221;][vc_column_text force_left_align=&#8221;true&#8221; css=&#8221;.vc_custom_1594313691719{margin-bottom: 1em !important;}&#8221;]<\/p>\n<h2 style=\"text-align: right;\">Bienvenido a <span class=\"accent\">ISOPROE<\/span> el  <strong>poder<\/strong> de la <strong>experiencia<\/strong>!<\/h2>\n<p>[\/vc_column_text][\/vc_column_inner][vc_column_inner el_class=&#8221;accent-divide&#8221; width=&#8221;1\/2&#8243; css=&#8221;.vc_custom_1513685906190{padding-top: 2em !important;padding-left: 2em !important;}&#8221;][vc_column_text]<strong>ISO PROTECCI\u00d3N EL\u00c9CTRICA<\/strong> es una empresa enfocada y especializada en proveer soluciones y servicios de calidad con soluciones competitivas a sus principales necesidades de protecci\u00f3n, administraci\u00f3n y respaldo de energ\u00eda el\u00e9ctrica, regidos por las normas m\u00e1s reconocidas tanto a nivel nacional como internacional.[\/vc_column_text][\/vc_column_inner][\/vc_row_inner][\/vc_column][\/vc_row][vc_row full_width=&#8221;stretch_row_content_no_spaces&#8221; css=&#8221;.vc_custom_1516190029933{padding-top: 0px !important;padding-bottom: 0px !important;}&#8221;][vc_column][vc_raw_html]JTNDZGl2JTIwc3R5bGUlM0QlMjIlMEElMDlwb3NpdGlvbiUzQSUyMCUyMGFic29sdXRlJTNCJTBBJTA5Ym90dG9tJTNBJTIwLTJweCUzQiUwQSUwOWxlZnQlM0ElMjAwJTNCJTBBJTA5cmlnaHQlM0ElMjAwJTNCJTBBJTA5ei1pbmRleCUzQSUyMDAlM0IlMEElMDl0cmFuc2Zvcm0lM0ElMjByb3RhdGUlMjgxODBkZWclMjklM0IlMEElMDklMjIlM0UlMEElM0NzdmclMjB2ZXJzaW9uJTNEJTIyMS4xJTIyJTIwc3R5bGUlM0QlMjJmaWxsJTNBJTIwJTIzZjNmM2YzJTIyJTIweG1sbnMlM0QlMjJodHRwJTNBJTJGJTJGd3d3LnczLm9yZyUyRjIwMDAlMkZzdmclMjIlMjB4bWxucyUzQXhsaW5rJTNEJTIyaHR0cCUzQSUyRiUyRnd3dy53My5vcmclMkYxOTk5JTJGeGxpbmslMjIlMjB4JTNEJTIyMHB4JTIyJTIweSUzRCUyMjBweCUyMiUwQSUwOSUyMHZpZXdCb3glM0QlMjIwJTIwMCUyMDk4MiUyMDQyLjklMjIlMjBzdHlsZSUzRCUyMmVuYWJsZS1iYWNrZ3JvdW5kJTNBbmV3JTIwMCUyMDAlMjA5ODIlMjA0Mi45JTNCJTIyJTIweG1sJTNBc3BhY2UlM0QlMjJwcmVzZXJ2ZSUyMiUzRSUwQSUzQ3BhdGglMjBjbGFzcyUzRCUyMnN0MCUyMiUyMGQlM0QlMjJNMCUyQzI2LjNjMjk0LjYlMkM1Ny4zJTJDNjg3LjQtNTcuMyUyQzk4MiUyQzBWMEgwVjI2LjN6JTIyJTJGJTNFJTBBJTNDJTJGc3ZnJTNFJTBBJTNDJTJGZGl2JTNF[\/vc_raw_html][\/vc_column][\/vc_row][vc_row full_width=&#8221;stretch_row&#8221; content_placement=&#8221;middle&#8221; css=&#8221;.vc_custom_1509627102555{padding-top: 0px !important;padding-bottom: 0px !important;background-position: center !important;background-repeat: no-repeat !important;background-size: cover !important;}&#8221;][vc_column width=&#8221;1\/2&#8243; expand_bg=&#8221;Left&#8221; css=&#8221;.vc_custom_1594332314022{padding-top: 26vh !important;padding-bottom: 26vh !important;background-image: url(http:\/\/isoproe.com\/wp-content\/uploads\/2020\/07\/3016413-scaled.jpg?id=19459) !important;background-position: center !important;background-repeat: no-repeat !important;background-size: cover !important;}&#8221;][\/vc_column][vc_column width=&#8221;1\/2&#8243; dark_bg=&#8221;true&#8221; expand_bg=&#8221;Right&#8221; css=&#8221;.vc_custom_1515854952786{padding-top: 10em !important;padding-bottom: 7em !important;padding-left: 4em !important;background-color: #1f1f1f !important;}&#8221; el_class=&#8221;.accent-bg&#8221;][vc_column_text css=&#8221;.vc_custom_1594332039746{margin-bottom: 2em !important;}&#8221;]<\/p>\n<h2>Somos especialistas en:<\/h2>\n<p>[\/vc_column_text][vc_column_text custom_font_size=&#8221;1.2em&#8221;]<\/p>\n<ul>\n<li>Sistemas de energ\u00eda Ininterrumpida (UPS o NO BREAK)<\/li>\n<li>Dise\u00f1o, proyecto y ejecuci\u00f3n de obra<\/li>\n<li>Supresores de Picos SPD<\/li>\n<li>Aires Acondicionados de Precisi\u00f3n<\/li>\n<li>Plantas de Emergencia<\/li>\n<li>Reguladores de Voltage<\/li>\n<li>Bater\u00edas Selladas<\/li>\n<li>Piso Falso<\/li>\n<\/ul>\n<p>[\/vc_column_text][\/vc_column][\/vc_row][vc_row full_width=&#8221;stretch_row&#8221; content_placement=&#8221;middle&#8221; css=&#8221;.vc_custom_1509627102555{padding-top: 0px !important;padding-bottom: 0px !important;background-position: center !important;background-repeat: no-repeat !important;background-size: cover !important;}&#8221;][vc_column width=&#8221;1\/2&#8243; expand_bg=&#8221;Left&#8221; css=&#8221;.vc_custom_1515854958426{padding-top: 10em !important;padding-right: 4em !important;padding-bottom: 7em !important;background-color: #ffffff !important;}&#8221;][vc_column_text css=&#8221;.vc_custom_1594332376945{margin-bottom: 2em !important;}&#8221;]<\/p>\n<h2><strong>Nuestra<\/strong> Experiencia<\/h2>\n<p>[\/vc_column_text][vc_column_text custom_font_size=&#8221;1.2em&#8221;]<em>Equipos ON LINE de alto rendimiento y equipos interactivos con funciones de Ahorro de Energ\u00eda, UPS, Administraci\u00f3n y Protecci\u00f3n de Energ\u00eda con soluciones inteligentes para uso Corporativo, Hogar, Centros de Datos y entornos industriales. Contamos con Servicio T\u00e9cnico Certificado de f\u00e1brica y para dise\u00f1o de Centros de Datos. Nuestra experiencia se basa en las mejores marcas:<\/em>[\/vc_column_text][\/vc_column][vc_column width=&#8221;1\/2&#8243; expand_bg=&#8221;Right&#8221; css=&#8221;.vc_custom_1594676519191{padding-top: 26vh !important;padding-bottom: 26vh !important;background-image: url(http:\/\/isoproe.com\/wp-content\/uploads\/2020\/07\/Laminas-2-scaled.jpg?id=19486) !important;background-position: center !important;background-repeat: no-repeat !important;background-size: cover !important;}&#8221;][\/vc_column][\/vc_row][vc_row full_width=&#8221;stretch_row_content_no_spaces&#8221; css=&#8221;.vc_custom_1516190029933{padding-top: 0px !important;padding-bottom: 0px !important;}&#8221;][vc_column][vc_raw_html]JTNDZGl2JTIwc3R5bGUlM0QlMjIlMEElMDlwb3NpdGlvbiUzQSUyMCUyMGFic29sdXRlJTNCJTBBJTA5Ym90dG9tJTNBJTIwLTJweCUzQiUwQSUwOWxlZnQlM0ElMjAwJTNCJTBBJTA5cmlnaHQlM0ElMjAwJTNCJTBBJTA5ei1pbmRleCUzQSUyMDk5OTk5OTk5OTklM0IlMEElMDl0cmFuc2Zvcm0lM0ElMjByb3RhdGUlMjgxODBkZWclMjklM0IlMEElMDklMjIlM0UlMEElM0NzdmclMjB2ZXJzaW9uJTNEJTIyMS4xJTIyJTIwc3R5bGUlM0QlMjJmaWxsJTNBJTIwJTIzZjNmM2YzJTIyJTIweG1sbnMlM0QlMjJodHRwJTNBJTJGJTJGd3d3LnczLm9yZyUyRjIwMDAlMkZzdmclMjIlMjB4bWxucyUzQXhsaW5rJTNEJTIyaHR0cCUzQSUyRiUyRnd3dy53My5vcmclMkYxOTk5JTJGeGxpbmslMjIlMjB4JTNEJTIyMHB4JTIyJTIweSUzRCUyMjBweCUyMiUwQSUwOSUyMHZpZXdCb3glM0QlMjIwJTIwMCUyMDk4MiUyMDQyLjklMjIlMjBzdHlsZSUzRCUyMmVuYWJsZS1iYWNrZ3JvdW5kJTNBbmV3JTIwMCUyMDAlMjA5ODIlMjA0Mi45JTNCJTIyJTIweG1sJTNBc3BhY2UlM0QlMjJwcmVzZXJ2ZSUyMiUzRSUwQSUzQ3BhdGglMjBjbGFzcyUzRCUyMnN0MCUyMiUyMGQlM0QlMjJNMCUyQzI2LjNjMjk0LjYlMkM1Ny4zJTJDNjg3LjQtNTcuMyUyQzk4MiUyQzBWMEgwVjI2LjN6JTIyJTJGJTNFJTBBJTNDJTJGc3ZnJTNFJTBBJTNDJTJGZGl2JTNF[\/vc_raw_html][\/vc_column][\/vc_row][vc_row full_width=&#8221;stretch_row&#8221; content_placement=&#8221;middle&#8221; parallax=&#8221;content-moving&#8221; parallax_speed_bg=&#8221;5&#8243; css=&#8221;.vc_custom_1516196484849{padding-top: 6em !important;padding-bottom: 11em !important;background-color: #f3f3f3 !important;}&#8221;][vc_column][vc_column_text custom_line_height=&#8221;1.4em&#8221; css=&#8221;.vc_custom_1594664645036{margin-bottom: 2em !important;}&#8221;]<\/p>\n<h2 style=\"text-align: center;\">ISO PROTECCION ELECTRICA<\/h2>\n<p>[\/vc_column_text][vc_column_text custom_font_size=&#8221;1.2em&#8221; custom_line_height=&#8221;1.4em&#8221; css=&#8221;.vc_custom_1594664720787{margin-bottom: 6em !important;padding-right: 25% !important;padding-left: 25% !important;}&#8221;]<\/p>\n<p style=\"text-align: center;\">Es actualmente empresa Certificada por CHICAGO DIGITAL POWER, APC Schneider,\u00a0 para la Instalaci\u00f3n, manejo y reparaci\u00f3n de la familia de UPS Monof\u00e1sicos, bif\u00e1sicos y trif\u00e1sicos.<\/p>\n<p>[\/vc_column_text][vc_row_inner equal_height=&#8221;yes&#8221; content_placement=&#8221;top&#8221; css=&#8221;.vc_custom_1515848877305{margin-bottom: 2em !important;}&#8221;][vc_column_inner width=&#8221;1\/2&#8243; offset=&#8221;vc_col-lg-3&#8243;][vc_single_image image=&#8221;19476&#8243;][vc_column_text css=&#8221;.vc_custom_1594665163394{margin-bottom: 0.75em !important;}&#8221;]<\/p>\n<h3 style=\"text-align: center;\">Chicago Digital Power<\/h3>\n<p>[\/vc_column_text][vc_column_text]<\/p>\n<p style=\"text-align: center;\">Distribuidor especializado en servicio y mantenimiento en toda nuestra l\u00ednea Monof\u00e1sica, Bif\u00e1sica y Trif\u00e1sica.<\/p>\n<p>[\/vc_column_text][\/vc_column_inner][vc_column_inner width=&#8221;1\/2&#8243; offset=&#8221;vc_col-lg-3&#8243;][vc_single_image image=&#8221;19472&#8243;][vc_column_text css=&#8221;.vc_custom_1594665712542{margin-bottom: 0.75em !important;}&#8221;]<\/p>\n<h3 style=\"text-align: center;\"><strong>APC<\/strong> Schneider Electric<\/h3>\n<p>[\/vc_column_text][vc_column_text]<\/p>\n<p style=\"text-align: center;\">APC select partner<\/p>\n<p>[\/vc_column_text][\/vc_column_inner][vc_column_inner width=&#8221;1\/2&#8243; offset=&#8221;vc_col-lg-3&#8243;][vc_single_image image=&#8221;19477&#8243;][vc_column_text css=&#8221;.vc_custom_1594665744510{margin-bottom: 0.75em !important;}&#8221;]<\/p>\n<h3 style=\"text-align: center;\"><strong>APC<\/strong> Schneider Electric<\/h3>\n<p>[\/vc_column_text][vc_column_text]<\/p>\n<div class=\"tlid-input input\">\n<div class=\"source-wrap\">\n<div class=\"input-full-height-wrapper tlid-input-full-height-wrapper\">\n<div class=\"source-input\">\n<div class=\"source-footer-wrap source-or-target-footer\">\n<div class=\"source-footer\">\n<div class=\"speech-wrap source-or-target-footer-button left-positioned\">\n<div id=\"gt-speech\" class=\"speech-button goog-toolbar-button\" style=\"text-align: center;\" tabindex=\"0\" role=\"button\" aria-label=\"Activar la entrada de voz\" data-tooltip-align=\"t,c\" aria-pressed=\"false\" aria-disabled=\"false\" data-tooltip=\"Activar la entrada de voz\">Fundamentos de la certificaci\u00f3n de infraestructura f\u00edsica del centro de datos<\/div>\n<\/div>\n<\/div>\n<\/div>\n<\/div>\n<\/div>\n<\/div>\n<\/div>\n<p>[\/vc_column_text][\/vc_column_inner][vc_column_inner width=&#8221;1\/2&#8243; offset=&#8221;vc_col-lg-3&#8243;][vc_single_image image=&#8221;19473&#8243;][vc_column_text css=&#8221;.vc_custom_1594666314787{margin-bottom: 0.75em !important;}&#8221;]<\/p>\n<h3 style=\"text-align: center;\">APC Schneider Electric<\/h3>\n<p>[\/vc_column_text][vc_column_text]<\/p>\n<p style=\"text-align: center;\">Socio de Ventas APC<\/p>\n<p>[\/vc_column_text][\/vc_column_inner][\/vc_row_inner][vc_row_inner equal_height=&#8221;yes&#8221; content_placement=&#8221;top&#8221; css=&#8221;.vc_custom_1515848877305{margin-bottom: 2em !important;}&#8221;][vc_column_inner width=&#8221;1\/2&#8243; offset=&#8221;vc_col-lg-3&#8243;][vc_single_image image=&#8221;19474&#8243;][vc_column_text css=&#8221;.vc_custom_1594666426906{margin-bottom: 0.75em !important;}&#8221;]<\/p>\n<h3 style=\"text-align: center;\">\u00a0Schneider Electric<\/h3>\n<p>[\/vc_column_text][vc_column_text]<\/p>\n<p style=\"text-align: center;\">Auditor\u00edas Energ\u00e9ticas<\/p>\n<p>[\/vc_column_text][\/vc_column_inner][vc_column_inner width=&#8221;1\/2&#8243; offset=&#8221;vc_col-lg-3&#8243;][vc_single_image image=&#8221;19475&#8243;][vc_column_text css=&#8221;.vc_custom_1594666493781{margin-bottom: 0.75em !important;}&#8221;]<\/p>\n<h3 style=\"text-align: center;\">Schneider Electric<\/h3>\n<p>[\/vc_column_text][vc_column_text]<\/p>\n<div class=\"tlid-input input\">\n<div class=\"source-wrap\">\n<div class=\"input-full-height-wrapper tlid-input-full-height-wrapper\">\n<div class=\"source-input\">\n<div class=\"source-footer-wrap source-or-target-footer\">\n<div class=\"source-footer\">\n<div class=\"speech-wrap source-or-target-footer-button left-positioned\">\n<div id=\"gt-speech\" class=\"speech-button goog-toolbar-button\" style=\"text-align: center;\" tabindex=\"0\" role=\"button\" aria-label=\"Activar la entrada de voz\" data-tooltip-align=\"t,c\" aria-pressed=\"false\" aria-disabled=\"false\" data-tooltip=\"Activar la entrada de voz\">Factor de potencia y arm\u00f3nicos<\/div>\n<\/div>\n<\/div>\n<\/div>\n<\/div>\n<\/div>\n<\/div>\n<\/div>\n<p>[\/vc_column_text][\/vc_column_inner][vc_column_inner width=&#8221;1\/2&#8243; offset=&#8221;vc_col-lg-3&#8243;][vc_single_image image=&#8221;19471&#8243;][vc_column_text css=&#8221;.vc_custom_1594665873065{margin-bottom: 0.75em !important;}&#8221;]<\/p>\n<h3 style=\"text-align: center;\">Schneider Electric<\/h3>\n<p>[\/vc_column_text][vc_column_text]<\/p>\n<p style=\"text-align: center;\">Secure Power<\/p>\n<p>[\/vc_column_text][\/vc_column_inner][\/vc_row_inner][\/vc_column][\/vc_row][vc_row full_width=&#8221;stretch_row_content_no_spaces&#8221; css=&#8221;.vc_custom_1516190029933{padding-top: 0px !important;padding-bottom: 0px !important;}&#8221;][vc_column][vc_raw_html]JTNDZGl2JTIwc3R5bGUlM0QlMjIlMEElMDlwb3NpdGlvbiUzQSUyMCUyMGFic29sdXRlJTNCJTBBJTA5Ym90dG9tJTNBJTIwLTJweCUzQiUwQSUwOWxlZnQlM0ElMjAwJTNCJTBBJTA5cmlnaHQlM0ElMjAwJTNCJTBBJTA5ei1pbmRleCUzQSUyMDk5OTk5OTk5OTklM0IlMEElMDl0cmFuc2Zvcm0lM0ElMjByb3RhdGUlMjgxODBkZWclMjklM0IlMEElMDklMjIlM0UlMEElM0NzdmclMjB2ZXJzaW9uJTNEJTIyMS4xJTIyJTIwc3R5bGUlM0QlMjJmaWxsJTNBJTIwJTIzMjEyMTIxJTIyJTIweG1sbnMlM0QlMjJodHRwJTNBJTJGJTJGd3d3LnczLm9yZyUyRjIwMDAlMkZzdmclMjIlMjB4bWxucyUzQXhsaW5rJTNEJTIyaHR0cCUzQSUyRiUyRnd3dy53My5vcmclMkYxOTk5JTJGeGxpbmslMjIlMjB4JTNEJTIyMHB4JTIyJTIweSUzRCUyMjBweCUyMiUwQSUwOSUyMHZpZXdCb3glM0QlMjIwJTIwMCUyMDk4MiUyMDQyLjklMjIlMjBzdHlsZSUzRCUyMmVuYWJsZS1iYWNrZ3JvdW5kJTNBbmV3JTIwMCUyMDAlMjA5ODIlMjA0Mi45JTNCJTIyJTIweG1sJTNBc3BhY2UlM0QlMjJwcmVzZXJ2ZSUyMiUzRSUwQSUzQ3BhdGglMjBjbGFzcyUzRCUyMnN0MCUyMiUyMGQlM0QlMjJNMCUyQzI2LjNjMjk0LjYlMkM1Ny4zJTJDNjg3LjQtNTcuMyUyQzk4MiUyQzBWMEgwVjI2LjN6JTIyJTJGJTNFJTBBJTNDJTJGc3ZnJTNFJTBBJTNDJTJGZGl2JTNF[\/vc_raw_html][\/vc_column][\/vc_row][vc_row full_width=&#8221;stretch_row&#8221; dark_bg=&#8221;true&#8221; css=&#8221;.vc_custom_1516626072680{padding-top: 6em !important;padding-bottom: 5em !important;background-color: #212121 !important;background-position: center !important;background-repeat: no-repeat !important;background-size: cover !important;}&#8221;][vc_column]\r\n\t\t\r\n\t\t\t<!-- Standard Icon & Text Element -->\r\n\r\n\t\t\t\t\t\t\t<div class=\"basix_icon_text left-icon wpb_content_element \">\r\n\t\t\t\t\t<div class=\"icon\"\r\n\t\t\t\t\t     style=\"width: 56px;\">\r\n\t\t\t\t\t\t\t\t\t\t\t\t\t<i class=\"feather-mail\"\r\n\t\t\t\t\t\t\t   style=\"font-size: 42px;\"><\/i>\r\n\t\t\t\t\t\t\t\t\t\t\t<\/div>\r\n\t\t\t\t\t<div class=\"text\">\r\n\t\t\t\t\t\t\t\t\t\t\t\t<\/p>\n<h2>Contacto R\u00e1pido<\/h2>\n<p>\t\t\t\t\t<\/div>\r\n\t\t\t\t<\/div>\r\n\t\t\t\r\n\t\t\r\n\t\t\r\n\t\t\t<!-- Standard Icon & Text Element -->\r\n\r\n\t\t\t\r\n\t\t\r\n\t\t\t\t<div class=\"contactform wpb_content_element \"\r\n\t\t     id=\"contact_69e36091f3a2c\"\r\n\t\t     data-instance=\"contact_69e36091f3a2c\">\r\n\t\t\t<div class=\"ajax-output\"\r\n\t\t\t     id=\"contact_ajaxoutput-contact_69e36091f3a2c\"><\/div>\r\n\t\t\t<form action=\"\"\r\n\t\t\t      method=\"post\"\r\n\t\t\t      id=\"basix-contact-form-contact_69e36091f3a2c\"\r\n\t\t\t      autocomplete=\"off\" style=\"text-align: center\">\r\n\t\t\t\t<div class=\"holder\">\r\n\t\t\t\t\t\t\t\t\t\t\t<div class=\"column-one-third\">\r\n\t\t\t\t\t\t\t\t\t\t\t\t<input type=\"text\"\r\n\t\t\t\t\t\t\t       name=\"message_name\"\r\n\t\t\t\t\t\t\t       placeholder=\"Nombre *\"\r\n\t\t\t\t\t\t\t       value=\"\">\r\n\t\t\t\t\t\t<\/div>\r\n\t\t\t\t\t\t\t\t\t\t\t\t\t<div class=\"column-one-third\">\r\n\t\t\t\t\t\t\t\t\t\t\t\t\t\t<input type=\"text\"\r\n\t\t\t\t\t\t\t\t       name=\"message_email\"\r\n\t\t\t\t\t\t\t\t       placeholder=\"Email  *\"\r\n\t\t\t\t\t\t\t\t       value=\"\">\r\n\t\t\t\t\t\t\t<\/div>\r\n\t\t\t\t\t\t\t\t\t\t\t\t\t\t<div class=\"column-one-third\">\r\n\t\t\t\t\t\t\t\t\t\t\t\t\t\t\t<input type=\"text\"\r\n\t\t\t\t\t\t\t\t\t       name=\"message_phone\"\r\n\t\t\t\t\t\t\t\t\t       placeholder=\"Tel\u00e9fono\"\r\n\t\t\t\t\t\t\t\t\t       value=\"\">\r\n\t\t\t\t\t\t\t\t<\/div>\r\n\t\t\t\t\t\t\t\t<div class=\"column-full-width\">\r\n\t\t\t\t\t\t\t\t\t<textarea type=\"text\"\r\n\t\t\t\t\t\t\t\t\t          name=\"message_text\"\r\n\t\t\t\t\t\t\t\t\t          placeholder=\"Mensaje *\"><\/textarea>\r\n\t\t\t\t\t\t\t\t<\/div>\r\n\t\t\t\t\t\t\t<\/div>\r\n\t\t\t\t\t\t\t<input type=\"hidden\"\r\n\t\t\t\t\t\t\t       name=\"submitted\"\r\n\t\t\t\t\t\t\t       value=\"1\">\r\n\t\t\t\t\t\t\t<button class=\"button accent\"\r\n\t\t\t\t\t\t\t        value=\"Enviar Mensaje\"\r\n\t\t\t\t\t\t\t        style=\"float: none; border-radius: ;\">Enviar Mensaje<\/button>\r\n\r\n\t\t\t\t\t\t\t<div style=\"display: none; float: left; margin-left: 10px; margin-top: 7px; float: none !important; margin-left: 0 !important;\"\r\n\t\t\t\t\t\t\t     id=\"contact-loading-contact_69e36091f3a2c\">\r\n\t\t\t\t\t\t\t\t<i class=\"Basix-spinner basix-ajax-loader\"\r\n\t\t\t\t\t\t\t\t   style=\"margin-right: 5px;\"><\/i>Processing\t\t\t\t\t\t\t<\/div>\r\n\t\t\t<\/form>\r\n\t\t<\/div>\r\n\t\t[\/vc_column][\/vc_row]<\/p>\n","protected":false},"excerpt":{"rendered":"<p>[vc_row full_width=&#8221;stretch_row_content_no_spaces&#8221; dark_bg=&#8221;true&#8221;][vc_column css=&#8221;.vc_custom_1514813519243{margin-top: -20vh !important;}&#8221;][rev_slider_vc alias=&#8221;basix-slider-v2&#8243; rev_slider_bg=&#8221;Light&#8221;][\/vc_column][\/vc_row][vc_row full_width=&#8221;stretch_row&#8221; content_placement=&#8221;middle&#8221; css=&#8221;.vc_custom_1516719302743{padding-top: 6em !important;padding-bottom: 6em !important;background-color: #ffffff !important;}&#8221;][vc_column][vc_row_inner equal_height=&#8221;yes&#8221; content_placement=&#8221;middle&#8221; css=&#8221;.vc_custom_1516473185733{padding-right: 6% !important;padding-left: 6% !important;}&#8221;][vc_column_inner width=&#8221;1\/2&#8243; css=&#8221;.vc_custom_1513685900960{padding-right: 2em !important;}&#8221;][vc_column_text force_left_align=&#8221;true&#8221; css=&#8221;.vc_custom_1594313691719{margin-bottom: 1em !important;}&#8221;] Bienvenido a ISOPROE el poder de la experiencia! [\/vc_column_text][\/vc_column_inner][vc_column_inner el_class=&#8221;accent-divide&#8221; width=&#8221;1\/2&#8243; css=&#8221;.vc_custom_1513685906190{padding-top: 2em !important;padding-left: 2em !important;}&#8221;][vc_column_text]ISO PROTECCI\u00d3N EL\u00c9CTRICA es una empresa enfocada y &#8230;<\/p>\n","protected":false},"author":1,"featured_media":0,"parent":0,"menu_order":0,"comment_status":"open","ping_status":"closed","template":"template-home.php","meta":{"inline_featured_image":false,"footnotes":""},"_links":{"self":[{"href":"https:\/\/isoproe.com\/index.php?rest_route=\/wp\/v2\/pages\/3188"}],"collection":[{"href":"https:\/\/isoproe.com\/index.php?rest_route=\/wp\/v2\/pages"}],"about":[{"href":"https:\/\/isoproe.com\/index.php?rest_route=\/wp\/v2\/types\/page"}],"author":[{"embeddable":true,"href":"https:\/\/isoproe.com\/index.php?rest_route=\/wp\/v2\/users\/1"}],"replies":[{"embeddable":true,"href":"https:\/\/isoproe.com\/index.php?rest_route=%2Fwp%2Fv2%2Fcomments&post=3188"}],"version-history":[{"count":18,"href":"https:\/\/isoproe.com\/index.php?rest_route=\/wp\/v2\/pages\/3188\/revisions"}],"predecessor-version":[{"id":19754,"href":"https:\/\/isoproe.com\/index.php?rest_route=\/wp\/v2\/pages\/3188\/revisions\/19754"}],"wp:attachment":[{"href":"https:\/\/isoproe.com\/index.php?rest_route=%2Fwp%2Fv2%2Fmedia&parent=3188"}],"curies":[{"name":"wp","href":"https:\/\/api.w.org\/{rel}","templated":true}]}}